{"id":93,"date":"2025-10-20T11:18:32","date_gmt":"2025-10-20T11:18:32","guid":{"rendered":"https:\/\/societedesoutien-international-boualemsansal.fr\/?page_id=93"},"modified":"2025-11-13T09:15:07","modified_gmt":"2025-11-13T09:15:07","slug":"prises-de-parole","status":"publish","type":"page","link":"https:\/\/societedesoutien-international-boualemsansal.fr\/?page_id=93","title":{"rendered":"Prises de parole"},"content":{"rendered":"\n<p><strong>12 novembre 2025<\/strong><\/p>\n\n\n\n<p>Communiqu\u00e9 d&#8217;Antoine Gallimard \u00e0 l&#8217;annonce de la lib\u00e9ration de Boualem Sansal<\/p>\n\n\n\n<p><\/p>\n\n\n\n<blockquote class=\"wp-block-quote is-layout-flow wp-block-quote-is-layout-flow\">\n<p><strong>Boualem Sansal lib\u00e9r\u00e9<\/strong><\/p>\n\n\n\n<p>361 jours apr\u00e8s son arrestation \u00e0 Alger, condamn\u00e9 \u00e0 cinq ans de prison, Boualem Sansal a \u00e9t\u00e9 graci\u00e9 par le pr\u00e9sident alg\u00e9rien ce 12 novembre 2025, recouvrant une libert\u00e9 dont jamais il n\u2019aurait d\u00fb \u00eatre priv\u00e9.<\/p>\n\n\n\n<p>C\u2019est une immense joie pour ses lecteurs, ses \u00e9diteurs et ses amis du monde entier, attach\u00e9s \u00e0 sa personne et \u00e0 son \u0153uvre litt\u00e9raire comme aux vertus qu\u2019elles incarnent&nbsp;: le go\u00fbt de la libert\u00e9, le sens romanesque de l\u2019observation, le courage et l\u2019intelligence critique, l\u2019impertinence de l\u2019imagination et du style, bien s\u00fbr, l\u2019aspiration \u00e0 la v\u00e9rit\u00e9, \u00e0 la justice et \u00e0 la paix.<\/p>\n\n\n\n<p>En ce jour heureux, nos pens\u00e9es les plus amicales s\u2019adressent \u00e0 Boualem Sansal, \u00e0 son \u00e9pouse Naziha, \u00e0 sa famille et \u00e0 ses proches&nbsp;; ainsi qu\u2019\u00e0 tous les \u00e9crivains et journalistes aujourd\u2019hui emprisonn\u00e9s.<\/p>\n\n\n\n<p>Dans l\u2019attente heureuse de nos retrouvailles, nous souhaitons \u00e0 Boualem Sansal les meilleurs soins en Allemagne et un retour apais\u00e9 \u00e0 la vie d\u2019homme libre.<\/p>\n\n\n\n<p>Que toutes celles et tous ceux qui ont \u0153uvr\u00e9 efficacement \u00e0 sa d\u00e9fense et ont c\u00e9l\u00e9br\u00e9 la port\u00e9e et la permanence de son \u0153uvre soient ici remerci\u00e9s&nbsp;!<\/p>\n\n\n\n<p>Ils ont contribu\u00e9 \u00e0 ce d\u00e9nouement heureux.<\/p>\n\n\n\n<p><\/p>\n\n\n\n<p>Antoine Gallimard, 12 novembre 2025<br>Pr\u00e9sident des Editions Gallimard<br>Pr\u00e9sident de la Soci\u00e9t\u00e9 de soutien international \u00e0 Boualem Sansal<\/p>\n<\/blockquote>\n\n\n\n<p><strong>22 janvier 2025<\/strong><\/p>\n\n\n\n<p>Le\u00efla Slimani \u00e0 la Grande Librairie d&#8217;Augustin Trappenard : <\/p>\n\n\n\n<p>\u00ab&nbsp;Pourquoi un r\u00e9gime cible-t-il un \u00e9crivain et en l&#8217;occurrence Boualem Sansal ? <\/p>\n\n\n\n<p>Leila Slimani &#8211; Parce que Boualem Sansal est une voix libre, parce qu&#8217;il est une conscience, parce que depuis vingt ans, il essaye de tendre un miroir \u00e0 un r\u00e9gime qui refuse de regarder son reflet. La r\u00e9ponse \u00e0 votre question, elle est dans votre question, c&#8217;est-\u00e0-dire qu&#8217;il est en prison parce qu&#8217;il est un \u00e9crivain et pour ce type de r\u00e9gime, c&#8217;est insupportable d&#8217;entendre une voix libre s&#8217;exprimer et dire la v\u00e9rit\u00e9 de cette soci\u00e9t\u00e9 qui est toute enti\u00e8re en prison&nbsp;\u00bb<\/p>\n\n\n\n<figure class=\"wp-block-image size-large\"><img loading=\"lazy\" decoding=\"async\" width=\"1024\" height=\"724\" src=\"https:\/\/societedesoutien-international-boualemsansal.fr\/wp-content\/uploads\/2025\/10\/Sansal_IMA-1-1024x724.jpeg\" alt=\"\" class=\"wp-image-141\" srcset=\"https:\/\/societedesoutien-international-boualemsansal.fr\/wp-content\/uploads\/2025\/10\/Sansal_IMA-1-1024x724.jpeg 1024w, https:\/\/societedesoutien-international-boualemsansal.fr\/wp-content\/uploads\/2025\/10\/Sansal_IMA-1-300x212.jpeg 300w, https:\/\/societedesoutien-international-boualemsansal.fr\/wp-content\/uploads\/2025\/10\/Sansal_IMA-1-768x543.jpeg 768w, https:\/\/societedesoutien-international-boualemsansal.fr\/wp-content\/uploads\/2025\/10\/Sansal_IMA-1-1536x1086.jpeg 1536w, https:\/\/societedesoutien-international-boualemsansal.fr\/wp-content\/uploads\/2025\/10\/Sansal_IMA-1-2048x1448.jpeg 2048w\" sizes=\"auto, (max-width: 1024px) 100vw, 1024px\" \/><\/figure>\n\n\n\n<p><strong>18 f\u00e9vrier 2025<\/strong><\/p>\n\n\n\n<p><em>Lib\u00e9rez Boualem Sansal. Les \u00e9crivains se mobilisent<\/em>. Soir\u00e9e en hommage \u00e0 Boualem Sansal, Institut du monde arabe (Paris). Quelques extraits : <\/p>\n\n\n\n<blockquote class=\"wp-block-quote is-layout-flow wp-block-quote-is-layout-flow\">\n<p>&#8220;Le courage de Boualem Sansal est d&#8217;avoir r\u00e9pondu \u00e0 la nature de l&#8217;\u00e9crivain qui est de dire les choses, de les nommer. Boualem a d\u00e9sign\u00e9 l&#8217;adversaire d&#8217;un mot. Il a os\u00e9 le faire. Est-ce que nous, nous ne commettons pas le crime de ne pas avoir le courage de nommer les choses, pour des raisons de tripatouillage \u00e9lectoral, de conformisme politique, de calcul de scrutin, de conformisme m\u00e9diatique ou de trouille sociale ? Boualem Sansal a nomm\u00e9 l&#8217;islamisme, l&#8217;Islam d\u00e9voy\u00e9, l&#8217;Islam politique.  <\/p>\n\n\n\n<p>Un r\u00e9gime politique qui s&#8217;en prend aux artistes dure moins longtemps que l&#8217;art. C&#8217;est le primat de l&#8217;esprit sur la force. De l&#8217;intelligence sur la brutalit\u00e9. Donc on lit Boualem. On ach\u00e8te ses livres, on les cite, on les d\u00e9clame&#8221;<\/p>\n\n\n\n<p>Sylvain Tesson <\/p>\n<\/blockquote>\n\n\n\n<blockquote class=\"wp-block-quote is-layout-flow wp-block-quote-is-layout-flow\">\n<p>&#8220;Si on m&#8217;autorise une parole amicale au pr\u00e9sident Tebboune, je lui dirais, pour l&#8217;amour de l&#8217;intelligence et de la douceur humaine, Monsieur le Pr\u00e9sident, rendez sa libert\u00e9 \u00e0 Boualem Sansal. Et, tant que vous y \u00eates, rendez-lui l&#8217;Alg\u00e9rie.&#8221;<\/p>\n\n\n\n<p>Daniel Pennac<\/p>\n<\/blockquote>\n\n\n\n<blockquote class=\"wp-block-quote is-layout-flow wp-block-quote-is-layout-flow\">\n<p>&#8220;Comment raconter les siens tout en racontant l&#8217;humanit\u00e9 ?<\/p>\n\n\n\n<p>Comment \u00eatre libre des siens pour honorer leur futur ?<\/p>\n\n\n\n<p>Comment \u00eatre soi, contre tous les autres, quand tous les autres ne sont plus eux-m\u00eames ?<\/p>\n\n\n\n<p>Comment oser contredire une croyance sans \u00eatre accus\u00e9 de trahison ?&#8221;<\/p>\n\n\n\n<p>Kamel Daoud<\/p>\n<\/blockquote>\n\n\n\n<p><strong>4 septembre 2025<\/strong><\/p>\n\n\n\n<p>Tribune de Jean-Marie Laclavetine, \u00e9diteur de Boualem Sansal aux Editions Gallimard depuis 1999, dans <em>Lib\u00e9ration<\/em><\/p>\n\n\n\n<blockquote class=\"wp-block-quote is-layout-flow wp-block-quote-is-layout-flow\">\n<p>&#8220;J&#8217;ai appris \u00e0 aimer cet homme, ce r\u00e9fractaire doux, cet anar c\u00e9leste dont l&#8217;intelligence cr\u00e9pite comme un feu. Rien ne peut justifier le silence impos\u00e9 \u00e0 un \u00e9crivain pour le seul motif de ses opinions.&#8221; <\/p>\n\n\n\n<p>Jean-Marie Laclavetine<\/p>\n<\/blockquote>\n\n\n\n<div data-wp-interactive=\"core\/file\" class=\"wp-block-file\"><object data-wp-bind--hidden=\"!state.hasPdfPreview\" hidden class=\"wp-block-file__embed\" data=\"https:\/\/societedesoutien-international-boualemsansal.fr\/wp-content\/uploads\/2025\/10\/2025-09-05-LIBERATION-05-septembre-2025-10000000069693938.pdf\" type=\"application\/pdf\" style=\"width:100%;height:600px\" aria-label=\"Embed of 2025-09-05-LIBERATION-05 septembre 2025-10000000069693938.\"><\/object><a id=\"wp-block-file--media-0ae24aca-b94e-4484-9928-be1f48957f4b\" href=\"https:\/\/societedesoutien-international-boualemsansal.fr\/wp-content\/uploads\/2025\/10\/2025-09-05-LIBERATION-05-septembre-2025-10000000069693938.pdf\">2025-09-05-LIBERATION-05 septembre 2025-10000000069693938<\/a><a href=\"https:\/\/societedesoutien-international-boualemsansal.fr\/wp-content\/uploads\/2025\/10\/2025-09-05-LIBERATION-05-septembre-2025-10000000069693938.pdf\" class=\"wp-block-file__button wp-element-button\" download aria-describedby=\"wp-block-file--media-0ae24aca-b94e-4484-9928-be1f48957f4b\">Download<\/a><\/div>\n\n\n\n<p><strong>21 septembre 2025<\/strong><\/p>\n\n\n\n<p>D\u00e9claration d&#8217;Antoine Gallimard au Livre sur la place (Nancy), lors de la soir\u00e9e d&#8217;hommage \u00e0 Boualem Sansal, lu par Karina Hocine.<\/p>\n\n\n\n<blockquote class=\"wp-block-quote is-layout-flow wp-block-quote-is-layout-flow\">\n<p>&#8220;Les mots des \u00e9crivains valent pour ce qu\u2019ils disent de l\u2019authenticit\u00e9 humaine. C\u2019est pour cela que la litt\u00e9rature est la voix des sans-voix, comme l\u2019expliquait Albert Camus, l\u2019autre enfant de Belcourt, dans son c\u00e9l\u00e8bre discours du Nobel. Elle est essentiellement libertaire et donc inaudible pour les pouvoirs autoritaires.&#8221;<\/p>\n\n\n\n<p>Antoine Gallimard<\/p>\n<\/blockquote>\n\n\n\n<div data-wp-interactive=\"core\/file\" class=\"wp-block-file\"><object data-wp-bind--hidden=\"!state.hasPdfPreview\" hidden class=\"wp-block-file__embed\" data=\"https:\/\/societedesoutien-international-boualemsansal.fr\/wp-content\/uploads\/2025\/10\/Discours_AntoineGallimard_boualem_Nancy_2025.pdf\" type=\"application\/pdf\" style=\"width:100%;height:600px\" aria-label=\"Embed of Discours_AntoineGallimard_boualem_Nancy_2025.\"><\/object><a id=\"wp-block-file--media-c5394fa7-4245-4985-abe5-970a77d604e3\" href=\"https:\/\/societedesoutien-international-boualemsansal.fr\/wp-content\/uploads\/2025\/10\/Discours_AntoineGallimard_boualem_Nancy_2025.pdf\">Discours_AntoineGallimard_boualem_Nancy_2025<\/a><a href=\"https:\/\/societedesoutien-international-boualemsansal.fr\/wp-content\/uploads\/2025\/10\/Discours_AntoineGallimard_boualem_Nancy_2025.pdf\" class=\"wp-block-file__button wp-element-button\" download aria-describedby=\"wp-block-file--media-c5394fa7-4245-4985-abe5-970a77d604e3\">T\u00e9l\u00e9charger<\/a><\/div>\n\n\n\n<p><\/p>\n","protected":false},"excerpt":{"rendered":"<p>12 novembre 2025 Communiqu\u00e9 d&#8217;Antoine Gallimard \u00e0 l&#8217;annonce de la lib\u00e9ration de Boualem Sansal Boualem Sansal lib\u00e9r\u00e9 361 jours apr\u00e8s son arrestation \u00e0 Alger, condamn\u00e9 \u00e0 cinq ans de prison, Boualem Sansal a \u00e9t\u00e9 graci\u00e9 par le pr\u00e9sident alg\u00e9rien ce 12 novembre 2025, recouvrant une libert\u00e9 dont jamais il n\u2019aurait d\u00fb \u00eatre priv\u00e9. C\u2019est une [&hellip;]<\/p>\n","protected":false},"author":1,"featured_media":0,"parent":0,"menu_order":5,"comment_status":"closed","ping_status":"closed","template":"","meta":{"footnotes":""},"class_list":["post-93","page","type-page","status-publish","hentry"],"_links":{"self":[{"href":"https:\/\/societedesoutien-international-boualemsansal.fr\/index.php?rest_route=\/wp\/v2\/pages\/93","targetHints":{"allow":["GET"]}}],"collection":[{"href":"https:\/\/societedesoutien-international-boualemsansal.fr\/index.php?rest_route=\/wp\/v2\/pages"}],"about":[{"href":"https:\/\/societedesoutien-international-boualemsansal.fr\/index.php?rest_route=\/wp\/v2\/types\/page"}],"author":[{"embeddable":true,"href":"https:\/\/societedesoutien-international-boualemsansal.fr\/index.php?rest_route=\/wp\/v2\/users\/1"}],"replies":[{"embeddable":true,"href":"https:\/\/societedesoutien-international-boualemsansal.fr\/index.php?rest_route=%2Fwp%2Fv2%2Fcomments&post=93"}],"version-history":[{"count":7,"href":"https:\/\/societedesoutien-international-boualemsansal.fr\/index.php?rest_route=\/wp\/v2\/pages\/93\/revisions"}],"predecessor-version":[{"id":203,"href":"https:\/\/societedesoutien-international-boualemsansal.fr\/index.php?rest_route=\/wp\/v2\/pages\/93\/revisions\/203"}],"wp:attachment":[{"href":"https:\/\/societedesoutien-international-boualemsansal.fr\/index.php?rest_route=%2Fwp%2Fv2%2Fmedia&parent=93"}],"curies":[{"name":"wp","href":"https:\/\/api.w.org\/{rel}","templated":true}]}}

<p><strong>12 novembre 2025</strong></p>



<p>Communiqué d&#8217;Antoine Gallimard à l&#8217;annonce de la libération de Boualem Sansal</p>



<p></p>



<blockquote class="wp-block-quote is-layout-flow wp-block-quote-is-layout-flow">
<p><strong>Boualem Sansal libéré</strong></p>



<p>361 jours après son arrestation à Alger, condamné à cinq ans de prison, Boualem Sansal a été gracié par le président algérien ce 12 novembre 2025, recouvrant une liberté dont jamais il n’aurait dû être privé.</p>



<p>C’est une immense joie pour ses lecteurs, ses éditeurs et ses amis du monde entier, attachés à sa personne et à son œuvre littéraire comme aux vertus qu’elles incarnent&nbsp;: le goût de la liberté, le sens romanesque de l’observation, le courage et l’intelligence critique, l’impertinence de l’imagination et du style, bien sûr, l’aspiration à la vérité, à la justice et à la paix.</p>



<p>En ce jour heureux, nos pensées les plus amicales s’adressent à Boualem Sansal, à son épouse Naziha, à sa famille et à ses proches&nbsp;; ainsi qu’à tous les écrivains et journalistes aujourd’hui emprisonnés.</p>



<p>Dans l’attente heureuse de nos retrouvailles, nous souhaitons à Boualem Sansal les meilleurs soins en Allemagne et un retour apaisé à la vie d’homme libre.</p>



<p>Que toutes celles et tous ceux qui ont œuvré efficacement à sa défense et ont célébré la portée et la permanence de son œuvre soient ici remerciés&nbsp;!</p>



<p>Ils ont contribué à ce dénouement heureux.</p>



<p></p>



<p>Antoine Gallimard, 12 novembre 2025<br>Président des Editions Gallimard<br>Président de la Société de soutien international à Boualem Sansal</p>
</blockquote>



<p><strong>22 janvier 2025</strong></p>



<p>Leïla Slimani à la Grande Librairie d&#8217;Augustin Trappenard : </p>



<p>«&nbsp;Pourquoi un régime cible-t-il un écrivain et en l&#8217;occurrence Boualem Sansal ? </p>



<p>Leila Slimani &#8211; Parce que Boualem Sansal est une voix libre, parce qu&#8217;il est une conscience, parce que depuis vingt ans, il essaye de tendre un miroir à un régime qui refuse de regarder son reflet. La réponse à votre question, elle est dans votre question, c&#8217;est-à-dire qu&#8217;il est en prison parce qu&#8217;il est un écrivain et pour ce type de régime, c&#8217;est insupportable d&#8217;entendre une voix libre s&#8217;exprimer et dire la vérité de cette société qui est toute entière en prison&nbsp;»</p>



<figure class="wp-block-image size-large"><img loading="lazy" decoding="async" width="1024" height="724" src="https://societedesoutien-international-boualemsansal.fr/wp-content/uploads/2025/10/Sansal_IMA-1-1024x724.jpeg" alt="" class="wp-image-141" srcset="https://societedesoutien-international-boualemsansal.fr/wp-content/uploads/2025/10/Sansal_IMA-1-1024x724.jpeg 1024w, https://societedesoutien-international-boualemsansal.fr/wp-content/uploads/2025/10/Sansal_IMA-1-300x212.jpeg 300w, https://societedesoutien-international-boualemsansal.fr/wp-content/uploads/2025/10/Sansal_IMA-1-768x543.jpeg 768w, https://societedesoutien-international-boualemsansal.fr/wp-content/uploads/2025/10/Sansal_IMA-1-1536x1086.jpeg 1536w, https://societedesoutien-international-boualemsansal.fr/wp-content/uploads/2025/10/Sansal_IMA-1-2048x1448.jpeg 2048w" sizes="auto, (max-width: 1024px) 100vw, 1024px" /></figure>



<p><strong>18 février 2025</strong></p>



<p><em>Libérez Boualem Sansal. Les écrivains se mobilisent</em>. Soirée en hommage à Boualem Sansal, Institut du monde arabe (Paris). Quelques extraits : </p>



<blockquote class="wp-block-quote is-layout-flow wp-block-quote-is-layout-flow">
<p>&#8220;Le courage de Boualem Sansal est d&#8217;avoir répondu à la nature de l&#8217;écrivain qui est de dire les choses, de les nommer. Boualem a désigné l&#8217;adversaire d&#8217;un mot. Il a osé le faire. Est-ce que nous, nous ne commettons pas le crime de ne pas avoir le courage de nommer les choses, pour des raisons de tripatouillage électoral, de conformisme politique, de calcul de scrutin, de conformisme médiatique ou de trouille sociale ? Boualem Sansal a nommé l&#8217;islamisme, l&#8217;Islam dévoyé, l&#8217;Islam politique.  </p>



<p>Un régime politique qui s&#8217;en prend aux artistes dure moins longtemps que l&#8217;art. C&#8217;est le primat de l&#8217;esprit sur la force. De l&#8217;intelligence sur la brutalité. Donc on lit Boualem. On achète ses livres, on les cite, on les déclame&#8221;</p>



<p>Sylvain Tesson </p>
</blockquote>



<blockquote class="wp-block-quote is-layout-flow wp-block-quote-is-layout-flow">
<p>&#8220;Si on m&#8217;autorise une parole amicale au président Tebboune, je lui dirais, pour l&#8217;amour de l&#8217;intelligence et de la douceur humaine, Monsieur le Président, rendez sa liberté à Boualem Sansal. Et, tant que vous y êtes, rendez-lui l&#8217;Algérie.&#8221;</p>



<p>Daniel Pennac</p>
</blockquote>



<blockquote class="wp-block-quote is-layout-flow wp-block-quote-is-layout-flow">
<p>&#8220;Comment raconter les siens tout en racontant l&#8217;humanité ?</p>



<p>Comment être libre des siens pour honorer leur futur ?</p>



<p>Comment être soi, contre tous les autres, quand tous les autres ne sont plus eux-mêmes ?</p>



<p>Comment oser contredire une croyance sans être accusé de trahison ?&#8221;</p>



<p>Kamel Daoud</p>
</blockquote>



<p><strong>4 septembre 2025</strong></p>



<p>Tribune de Jean-Marie Laclavetine, éditeur de Boualem Sansal aux Editions Gallimard depuis 1999, dans <em>Libération</em></p>



<blockquote class="wp-block-quote is-layout-flow wp-block-quote-is-layout-flow">
<p>&#8220;J&#8217;ai appris à aimer cet homme, ce réfractaire doux, cet anar céleste dont l&#8217;intelligence crépite comme un feu. Rien ne peut justifier le silence imposé à un écrivain pour le seul motif de ses opinions.&#8221; </p>



<p>Jean-Marie Laclavetine</p>
</blockquote>



<div data-wp-interactive="core/file" class="wp-block-file"><object data-wp-bind--hidden="!state.hasPdfPreview" hidden class="wp-block-file__embed" data="https://societedesoutien-international-boualemsansal.fr/wp-content/uploads/2025/10/2025-09-05-LIBERATION-05-septembre-2025-10000000069693938.pdf" type="application/pdf" style="width:100%;height:600px" aria-label="Embed of 2025-09-05-LIBERATION-05 septembre 2025-10000000069693938."></object><a id="wp-block-file--media-0ae24aca-b94e-4484-9928-be1f48957f4b" href="https://societedesoutien-international-boualemsansal.fr/wp-content/uploads/2025/10/2025-09-05-LIBERATION-05-septembre-2025-10000000069693938.pdf">2025-09-05-LIBERATION-05 septembre 2025-10000000069693938</a><a href="https://societedesoutien-international-boualemsansal.fr/wp-content/uploads/2025/10/2025-09-05-LIBERATION-05-septembre-2025-10000000069693938.pdf" class="wp-block-file__button wp-element-button" download aria-describedby="wp-block-file--media-0ae24aca-b94e-4484-9928-be1f48957f4b">Download</a></div>



<p><strong>21 septembre 2025</strong></p>



<p>Déclaration d&#8217;Antoine Gallimard au Livre sur la place (Nancy), lors de la soirée d&#8217;hommage à Boualem Sansal, lu par Karina Hocine.</p>



<blockquote class="wp-block-quote is-layout-flow wp-block-quote-is-layout-flow">
<p>&#8220;Les mots des écrivains valent pour ce qu’ils disent de l’authenticité humaine. C’est pour cela que la littérature est la voix des sans-voix, comme l’expliquait Albert Camus, l’autre enfant de Belcourt, dans son célèbre discours du Nobel. Elle est essentiellement libertaire et donc inaudible pour les pouvoirs autoritaires.&#8221;</p>



<p>Antoine Gallimard</p>
</blockquote>



<div data-wp-interactive="core/file" class="wp-block-file"><object data-wp-bind--hidden="!state.hasPdfPreview" hidden class="wp-block-file__embed" data="https://societedesoutien-international-boualemsansal.fr/wp-content/uploads/2025/10/Discours_AntoineGallimard_boualem_Nancy_2025.pdf" type="application/pdf" style="width:100%;height:600px" aria-label="Embed of Discours_AntoineGallimard_boualem_Nancy_2025."></object><a id="wp-block-file--media-c5394fa7-4245-4985-abe5-970a77d604e3" href="https://societedesoutien-international-boualemsansal.fr/wp-content/uploads/2025/10/Discours_AntoineGallimard_boualem_Nancy_2025.pdf">Discours_AntoineGallimard_boualem_Nancy_2025</a><a href="https://societedesoutien-international-boualemsansal.fr/wp-content/uploads/2025/10/Discours_AntoineGallimard_boualem_Nancy_2025.pdf" class="wp-block-file__button wp-element-button" download aria-describedby="wp-block-file--media-c5394fa7-4245-4985-abe5-970a77d604e3">Télécharger</a></div>



<p></p>

<p>12 novembre 2025 Communiqué d&#8217;Antoine Gallimard à l&#8217;annonce de la libération de Boualem Sansal Boualem Sansal libéré 361 jours après son arrestation à Alger, condamné à cinq ans de prison, Boualem Sansal a été gracié par le président algérien ce 12 novembre 2025, recouvrant une liberté dont jamais il n’aurait dû être privé. C’est une [&hellip;]</p>
