{"id":78,"date":"2025-10-20T09:29:58","date_gmt":"2025-10-20T09:29:58","guid":{"rendered":"https:\/\/societedesoutien-international-boualemsansal.fr\/?page_id=78"},"modified":"2025-11-12T14:15:01","modified_gmt":"2025-11-12T14:15:01","slug":"actualites","status":"publish","type":"page","link":"https:\/\/societedesoutien-international-boualemsansal.fr\/?page_id=78","title":{"rendered":"Actualit\u00e9s"},"content":{"rendered":"\n<p class=\"has-large-font-size\"><strong>12 novembre 2025<\/strong><\/p>\n\n\n\n<p class=\"has-medium-font-size\"><strong>Boualem Sansal<\/strong>, condamn\u00e9 \u00e0 cinq ans d&#8217;emprisonnement, a \u00e9t\u00e9 graci\u00e9 par le pr\u00e9sident alg\u00e9rien. Il est un homme et un \u00e9crivain livre, 361 jours apr\u00e8s son arrestation \u00e0 Alger.<br><\/p>\n\n\n\n<p class=\"has-large-font-size\"><strong>4 novembre 2025<\/strong><\/p>\n\n\n\n<p>Le<strong> Prix Renaudot poche<\/strong> est attribu\u00e9 \u00e0 Boualem Sansal pour <em>Vivre<\/em> (&#8220;Folio&#8221;).<br>Communiqu\u00e9 de presse de l&#8217;\u00e9diteur :<\/p>\n\n\n\n<blockquote class=\"wp-block-quote is-layout-flow wp-block-quote-is-layout-flow\">\n<p>Nous sommes tr\u00e8s heureux d\u2019annoncer que les jur\u00e9s du Prix Renaudot ont choisi de d\u00e9cerner le Prix Renaudot poche \u00e0 Boualem Sansal pour son roman <em>Vivre<\/em> en Folio.<\/p>\n\n\n\n<p>L\u2019\u00e9crivain franco-alg\u00e9rien Boualem Sansal, arr\u00eat\u00e9 \u00e0 Alger le 16 novembre 2024 par les autorit\u00e9s alg\u00e9riennes, est h\u00e9las toujours incarc\u00e9r\u00e9. Ce qu\u2019on lui reproche ? Sa libert\u00e9 d\u2019expression, ses prises de position, ses \u00e9crits. La place d\u2019un \u00e9crivain n\u2019est pas en prison.<\/p>\n\n\n\n<p>Puisse l\u2019annonce de ce Prix lui parvenir l\u00e0 o\u00f9 il est retenu.<\/p>\n<\/blockquote>\n\n\n\n<figure class=\"wp-block-image aligncenter size-large is-resized\"><img loading=\"lazy\" decoding=\"async\" width=\"622\" height=\"1024\" src=\"http:\/\/societedesoutien-international-boualemsansal.fr\/wp-content\/uploads\/2025\/10\/14-Vivre-622x1024.jpg\" alt=\"\" class=\"wp-image-126\" style=\"width:199px;height:auto\" srcset=\"https:\/\/societedesoutien-international-boualemsansal.fr\/wp-content\/uploads\/2025\/10\/14-Vivre-622x1024.jpg 622w, https:\/\/societedesoutien-international-boualemsansal.fr\/wp-content\/uploads\/2025\/10\/14-Vivre-182x300.jpg 182w, https:\/\/societedesoutien-international-boualemsansal.fr\/wp-content\/uploads\/2025\/10\/14-Vivre-768x1265.jpg 768w, https:\/\/societedesoutien-international-boualemsansal.fr\/wp-content\/uploads\/2025\/10\/14-Vivre-932x1536.jpg 932w, https:\/\/societedesoutien-international-boualemsansal.fr\/wp-content\/uploads\/2025\/10\/14-Vivre-1243x2048.jpg 1243w, https:\/\/societedesoutien-international-boualemsansal.fr\/wp-content\/uploads\/2025\/10\/14-Vivre.jpg 1276w\" sizes=\"auto, (max-width: 622px) 100vw, 622px\" \/><\/figure>\n\n\n\n<p><\/p>\n\n\n\n<p class=\"has-large-font-size\"><strong>11 octobre 2025<\/strong><\/p>\n\n\n\n<p>Boualem Sansal a \u00e9t\u00e9 \u00e9lu \u00e0 l\u2019<strong>Acad\u00e9mie royale de langue et de litt\u00e9rature fran\u00e7aises de Belgique<\/strong>. Il y succ\u00e8de \u00e0 feu Michel del Castillo et occupera d\u00e9sormais le fauteuil 37, lequel avait \u00e9galement \u00e9t\u00e9 celui de Georges Duby, de Mircea Eliade ou de la Princesse Marthe Bibesco. <\/p>\n\n\n\n<p>L\u2019Acad\u00e9mie royale de langue et de litt\u00e9rature fran\u00e7aises de Belgique, comme l\u2019Acad\u00e9mie fran\u00e7aise, compte 40 membres. Mais \u00e0 la diff\u00e9rence de celle-ci, on y est coopt\u00e9 et 10 fauteuils sont r\u00e9serv\u00e9s aux membres \u00e9trangers. Y ont si\u00e9g\u00e9, Colette, Marguerite Yourcenar, Jean Cocteau, Marie-Claire Blais, Dominique Rolin, Julien Green, Assia Djebar, etc.<\/p>\n\n\n\n<p>&nbsp;&nbsp;&nbsp;&nbsp; Aujourd\u2019hui, l\u2019Acad\u00e9mie compte des membres tels que Philippe Claudel, Sylvie Germain, \u00c9ric-Emmanuel Schmitt ou Fatou Diome.<\/p>\n\n\n\n<blockquote class=\"wp-block-quote is-layout-flow wp-block-quote-is-layout-flow\">\n<figure class=\"wp-block-pullquote\"><blockquote><p>&#8220;Boualem Sansal porte haut la fonction cr\u00e9atrice de l\u2019\u00e9crivain qui est ins\u00e9parable de la libert\u00e9 dans laquelle elle s\u2019exerce. L\u2019Acad\u00e9mie est heureuse de le compter d\u00e9sormais parmi ses membres&#8221;<\/p><cite>Yves Namur,<br><em>Secr\u00e9taire perp\u00e9tuel de l\u2019Acad\u00e9mie royale de langue et de litt\u00e9rature fran\u00e7aise de Belgique<\/em><\/cite><\/blockquote><\/figure>\n<\/blockquote>\n\n\n\n<p class=\"has-large-font-size\"><strong>21 septembre 2025 <\/strong><\/p>\n\n\n\n<p>Le<strong> Prix mondial Cino Del Duca 2025<\/strong> de la Fondation Simone et Cino Del Duca-Institut de France, dot\u00e9 d\u2019un montant de 200 000 \u20ac, est d\u00e9cern\u00e9 \u00e0 Boualem Sansal pour l\u2019ensemble de son \u0153uvre litt\u00e9raire.<\/p>\n\n\n\n<p>Sur proposition du jury du Prix mondial Cino Del Duca, pr\u00e9sid\u00e9 par Monsieur Amin Maalouf, Secr\u00e9taire perp\u00e9tuel de l\u2019Acad\u00e9mie fran\u00e7aise, le Comit\u00e9 de Fondation Del Duca, pr\u00e9sid\u00e9 par Xavier Darcos, Chancelier de l\u2019Institut de France, a d\u00e9cern\u00e9 le Prix mondial 2025 \u00e0 Boualem Sansal. Ce prix rend hommage \u00e0 la force d\u2019un \u00e9crivain qui, par-del\u00e0 les fronti\u00e8res et les censures, continue de faire entendre une parole libre, profond\u00e9ment humaniste et r\u00e9solument n\u00e9cessaire.<\/p>\n\n\n\n<p><\/p>\n","protected":false},"excerpt":{"rendered":"<p>12 novembre 2025 Boualem Sansal, condamn\u00e9 \u00e0 cinq ans d&#8217;emprisonnement, a \u00e9t\u00e9 graci\u00e9 par le pr\u00e9sident alg\u00e9rien. Il est un homme et un \u00e9crivain livre, 361 jours apr\u00e8s son arrestation \u00e0 Alger. 4 novembre 2025 Le Prix Renaudot poche est attribu\u00e9 \u00e0 Boualem Sansal pour Vivre (&#8220;Folio&#8221;).Communiqu\u00e9 de presse de l&#8217;\u00e9diteur : Nous sommes tr\u00e8s [&hellip;]<\/p>\n","protected":false},"author":1,"featured_media":0,"parent":0,"menu_order":3,"comment_status":"closed","ping_status":"closed","template":"","meta":{"footnotes":""},"class_list":["post-78","page","type-page","status-publish","hentry"],"_links":{"self":[{"href":"https:\/\/societedesoutien-international-boualemsansal.fr\/index.php?rest_route=\/wp\/v2\/pages\/78","targetHints":{"allow":["GET"]}}],"collection":[{"href":"https:\/\/societedesoutien-international-boualemsansal.fr\/index.php?rest_route=\/wp\/v2\/pages"}],"about":[{"href":"https:\/\/societedesoutien-international-boualemsansal.fr\/index.php?rest_route=\/wp\/v2\/types\/page"}],"author":[{"embeddable":true,"href":"https:\/\/societedesoutien-international-boualemsansal.fr\/index.php?rest_route=\/wp\/v2\/users\/1"}],"replies":[{"embeddable":true,"href":"https:\/\/societedesoutien-international-boualemsansal.fr\/index.php?rest_route=%2Fwp%2Fv2%2Fcomments&post=78"}],"version-history":[{"count":8,"href":"https:\/\/societedesoutien-international-boualemsansal.fr\/index.php?rest_route=\/wp\/v2\/pages\/78\/revisions"}],"predecessor-version":[{"id":201,"href":"https:\/\/societedesoutien-international-boualemsansal.fr\/index.php?rest_route=\/wp\/v2\/pages\/78\/revisions\/201"}],"wp:attachment":[{"href":"https:\/\/societedesoutien-international-boualemsansal.fr\/index.php?rest_route=%2Fwp%2Fv2%2Fmedia&parent=78"}],"curies":[{"name":"wp","href":"https:\/\/api.w.org\/{rel}","templated":true}]}}

Actualités

<p class="has-large-font-size"><strong>12 novembre 2025</strong></p>



<p class="has-medium-font-size"><strong>Boualem Sansal</strong>, condamné à cinq ans d&#8217;emprisonnement, a été gracié par le président algérien. Il est un homme et un écrivain livre, 361 jours après son arrestation à Alger.<br></p>



<p class="has-large-font-size"><strong>4 novembre 2025</strong></p>



<p>Le<strong> Prix Renaudot poche</strong> est attribué à Boualem Sansal pour <em>Vivre</em> (&#8220;Folio&#8221;).<br>Communiqué de presse de l&#8217;éditeur :</p>



<blockquote class="wp-block-quote is-layout-flow wp-block-quote-is-layout-flow">
<p>Nous sommes très heureux d’annoncer que les jurés du Prix Renaudot ont choisi de décerner le Prix Renaudot poche à Boualem Sansal pour son roman <em>Vivre</em> en Folio.</p>



<p>L’écrivain franco-algérien Boualem Sansal, arrêté à Alger le 16 novembre 2024 par les autorités algériennes, est hélas toujours incarcéré. Ce qu’on lui reproche ? Sa liberté d’expression, ses prises de position, ses écrits. La place d’un écrivain n’est pas en prison.</p>



<p>Puisse l’annonce de ce Prix lui parvenir là où il est retenu.</p>
</blockquote>



<figure class="wp-block-image aligncenter size-large is-resized"><img loading="lazy" decoding="async" width="622" height="1024" src="http://societedesoutien-international-boualemsansal.fr/wp-content/uploads/2025/10/14-Vivre-622x1024.jpg" alt="" class="wp-image-126" style="width:199px;height:auto" srcset="https://societedesoutien-international-boualemsansal.fr/wp-content/uploads/2025/10/14-Vivre-622x1024.jpg 622w, https://societedesoutien-international-boualemsansal.fr/wp-content/uploads/2025/10/14-Vivre-182x300.jpg 182w, https://societedesoutien-international-boualemsansal.fr/wp-content/uploads/2025/10/14-Vivre-768x1265.jpg 768w, https://societedesoutien-international-boualemsansal.fr/wp-content/uploads/2025/10/14-Vivre-932x1536.jpg 932w, https://societedesoutien-international-boualemsansal.fr/wp-content/uploads/2025/10/14-Vivre-1243x2048.jpg 1243w, https://societedesoutien-international-boualemsansal.fr/wp-content/uploads/2025/10/14-Vivre.jpg 1276w" sizes="auto, (max-width: 622px) 100vw, 622px" /></figure>



<p></p>



<p class="has-large-font-size"><strong>11 octobre 2025</strong></p>



<p>Boualem Sansal a été élu à l’<strong>Académie royale de langue et de littérature françaises de Belgique</strong>. Il y succède à feu Michel del Castillo et occupera désormais le fauteuil 37, lequel avait également été celui de Georges Duby, de Mircea Eliade ou de la Princesse Marthe Bibesco. </p>



<p>L’Académie royale de langue et de littérature françaises de Belgique, comme l’Académie française, compte 40 membres. Mais à la différence de celle-ci, on y est coopté et 10 fauteuils sont réservés aux membres étrangers. Y ont siégé, Colette, Marguerite Yourcenar, Jean Cocteau, Marie-Claire Blais, Dominique Rolin, Julien Green, Assia Djebar, etc.</p>



<p>&nbsp;&nbsp;&nbsp;&nbsp; Aujourd’hui, l’Académie compte des membres tels que Philippe Claudel, Sylvie Germain, Éric-Emmanuel Schmitt ou Fatou Diome.</p>



<blockquote class="wp-block-quote is-layout-flow wp-block-quote-is-layout-flow">
<figure class="wp-block-pullquote"><blockquote><p>&#8220;Boualem Sansal porte haut la fonction créatrice de l’écrivain qui est inséparable de la liberté dans laquelle elle s’exerce. L’Académie est heureuse de le compter désormais parmi ses membres&#8221;</p><cite>Yves Namur,<br><em>Secrétaire perpétuel de l’Académie royale de langue et de littérature française de Belgique</em></cite></blockquote></figure>
</blockquote>



<p class="has-large-font-size"><strong>21 septembre 2025 </strong></p>



<p>Le<strong> Prix mondial Cino Del Duca 2025</strong> de la Fondation Simone et Cino Del Duca-Institut de France, doté d’un montant de 200 000 €, est décerné à Boualem Sansal pour l’ensemble de son œuvre littéraire.</p>



<p>Sur proposition du jury du Prix mondial Cino Del Duca, présidé par Monsieur Amin Maalouf, Secrétaire perpétuel de l’Académie française, le Comité de Fondation Del Duca, présidé par Xavier Darcos, Chancelier de l’Institut de France, a décerné le Prix mondial 2025 à Boualem Sansal. Ce prix rend hommage à la force d’un écrivain qui, par-delà les frontières et les censures, continue de faire entendre une parole libre, profondément humaniste et résolument nécessaire.</p>



<p></p>

<p>12 novembre 2025 Boualem Sansal, condamné à cinq ans d&#8217;emprisonnement, a été gracié par le président algérien. Il est un homme et un écrivain livre, 361 jours après son arrestation à Alger. 4 novembre 2025 Le Prix Renaudot poche est attribué à Boualem Sansal pour Vivre (&#8220;Folio&#8221;).Communiqué de presse de l&#8217;éditeur : Nous sommes très [&hellip;]</p>
